- 776*l + 3*l**3. Give a(-1).
7
Let r(g) = g**2 + 5*g + 3. Let v be r(-2). Let j(t) = -t**2 + 2*t - 6. Let i(l) = -6*l**2 + 12*l - 32. Let s(d) = -3*i(d) + 16*j(d). What is s(v)?
30
Let m(w) = 8*w**2 - 9*w + 9. Let c(h) = -7*h**2 + 7*h - 8. Let u(j) = -7*c(j) - 6*m(j). Let q = 1641 - 1645. Calculate u(q).
-2
Let w(v) = 2*v - 12. Let q(i) = -i**2 - 15*i - 1. Let g be q(-15). Let s be g*1*7/(-1). Give w(s).
2
Let w(r) = -3*r**2 + 2*r - 1. Let n(h) be the third derivative of h**6/120 + 3*h**5/10 - 7*h**4/8 - 37*h**3/6 - 57*h**2. Let o be n(-19). Calculate w(o).
-2
Let t = 5183 + -5214. Let c(o) = o**3 + 33*o**2 + 63*o + 29. Determine c(t).
-2
Let q(o) = -431*o + 6460. Let p be q(15). Let w(y) = 2*y**2 - 15. Calculate w(p).
35
Let c(s) = -21*s + 3. Let u be c(1). Let w = u + 26. Let m(p) = -4*p**2 + 13*p**2 + 3*p - 8*p**2 - w + 1. Give m(-5).
3
Suppose 578*a = -568*a + 1162*a - 96. Let d(t) be the first derivative of -a*t + 1/2*t**2 + 7. Calculate d(-5).
-11
Suppose -2*f + f + 6 = 0. Let p(v) = -v**3 + v**2 + 3*v + 9. Let y(i) = -i**3 + 2*i**2 + 2*i + 9. Let k(t) = 4*p(t) - 5*y(t). What is k(f)?
3
Let f be (-139 - -119) + (3 - -20). Let s(r) = -5*r**3 + 2*r**2 - 3*r - 3. Determine s(f).
-129
Let l(r) = -2*r**2 - r - 2. Let q(n) = -6*n + 33. Suppose 2*c - 6 = -v, -2*c + 7*c + 5*v = 5. Let z be q(c). Let o be z/(-2)*100/(-75). Calculate l(o).
-12
Let m(n) = 0*n + 932*n**2 + 2*n - 923*n**2. What is m(3)?
87
Let o(m) = 3*m**3 - 3*m**2 + 2*m. Let q(b) = 91*b - 2183. Let p be q(24). Determine o(p).
2
Let i(z) = -22*z**2 + 37*z**2 - 3*z**3 - 14*z**2. Suppose -4*c - 4*b - 9 = 19, -10 = 4*c - 2*b. Let l be (c + 5)*(-1)/1. What is i(l)?
4
Let w(d) be the second derivative of -d + 1/20*d**5 + 27/2*d**2 + 0*d**4 + 0 - 1/6*d**3. What is w(0)?
27
Let h = 7980 + -39898/5. Let q(d) be the second derivative of -1/2*d**2 + 1/6*d**3 - h*d**5 - 1/12*d**4 - 32*d + 0. Give q(1).
-9
Let w(k) be the third derivative of -9*k**4/8 - 10*k**3/3 + k**2 - 159*k. Determine w(3).
-101
Let x(m) be the first derivative of 6*m**2 - 1076. Suppose -3*l + 4 = 7. What is x(l)?
-12
Suppose 4*s = 6*s + 4. Suppose 4*g + g = 5*a, a + g - 4 = 0. Let t(l) = 2*l - 3 + 15*l**2 - 23*l**a - 6*l + 7*l**2. Calculate t(s).
1
Let l(p) = 2*p**2 - 2*p + 204. Let x be l(0). Let t = 205 - x. Let s(h) = -24*h. Determine s(t).
-24
Let m = 234 - 226. Let p(y) = 0*y + 2*y + 3*y + m*y - 3. Suppose 0 = -2*d - 2*g - 2 - 4, 4*g = -20. Give p(d).
23
Let c(s) = s. Let v be -9*(-90 + 21/(-3)). Suppose 887 = -2*h + v. What is c(h)?
-7
Let g be -5 + -2 + 5 + 4. Suppose g*m = 3*m + 9. Let z(c) be the first derivative of c**4/4 + 10*c**3/3 + 5*c**2 + 7*c - 164. Give z(m).
-2
Let p(s) = s**3 - 5*s**2 + 2*s + 1. Let o = -436 + 439. Give p(o).
-11
Suppose -61*i + 916 - 261 = -382. Let j(p) = -2*p**2 + 31*p + 21. What is j(i)?
-30
Let y(g) = -g**3 + 4*g**2 + 6*g - 9. Let n be y(5). Let i be n/(-20) + (-1)/5. Let p(w) = -2 + 3*w**2 - 2*w**2 + 0 - 28*w**3 + 29*w**3. Calculate p(i).
-2
Let m = -16102 + 16099. Let n(r) = r**3 + 6*r**2 + 12*r + 1. Determine n(m).
-8
Let j(s) = 6*s - 20. Suppose -14*c - 28*c + 126 = 0. Calculate j(c).
-2
Let g(v) be the second derivative of v**4/4 - 11*v**3/6 + 3*v**2 + 5*v + 10. Calculate g(4).
10
Let a be -2 - 12/(-40)*121/18. Let s(y) be the third derivative of -5/3*y**3 + 8*y**2 - 1/24*y**4 + 0 + 0*y - a*y**5. Give s(0).
-10
Let a(o) = 2 + 4*o - 5*o + 9. Let r(v) = -v - 20. Let y be r(14). Let j = y - -39. Calculate a(j).
6
Suppose 28*h = -182 + 98. Let j(u) = 2*u**3 + 3*u**2 - 4*u - 4. What is j(h)?
-19
Let p(c) = -14*c + 272*c - 20*c - 22*c - 209*c. Suppose 7 - 3 = 4*i. Calculate p(i).
7
Let w(o) = 1718 + 3*o + 6*o**3 + o**2 - 1718 - o. Give w(-1).
-7
Let g = -496 - -502. Let b(i) = 32 + 7*i + 5*i - 31 - 17*i + g*i. Calculate b(7).
8
Suppose -2*l - 2*k - 6 = 0, 5*k - 38 = 2*l - 11. Let h(b) be the third derivative of b**5/60 + b**4/4 + b**3/2 + 157*b**2 + 1. What is h(l)?
3
Let o(v) = -9163*v - 12 - 9166*v + v**2 + 18334*v. Give o(3).
12
Let p(q) = -q**2 + 70*q - 251. Let f be p(66). Let s(u) be the third derivative of -u**5/60 + u**4/2 + 7*u**3/3 - u**2. What is s(f)?
1
Let c(o) = 5*o - 7. Let y be c(2). Suppose -15 = -y*u - 2*u. Suppose 2*r + u*r + 25 = 5*v, 2*r + 10 = 5*v. Let n(i) = i**2 + 4*i - 4. What is n(r)?
1
Suppose 21*h = 39*h + 64*h + 22*h. Let s(w) = -4*w**2 + w + 30. What is s(h)?
30
Let c(r) be the first derivative of r**3/3 - 2*r**2 - 13*r + 1. Let j = 356648 + -356642. What is c(j)?
-1
Suppose -c = 3*r + 23 + 2, -c = -5*r - 47. Let d be 5 - r*2/(-6). Let j(x) = -1 - x**2 - x**3 - 3 - d*x + 3. Give j(-2).
7
Let g(v) be the second derivative of -v**5/40 - v**4/6 - 43*v**3/3 + v + 170. Let w(n) be the second derivative of g(n). What is w(-6)?
14
Let y be (-54)/14 + 9/(-63). Let m(w) = -3*w + w - 5 - 5*w + 39*w**2 - 40*w**2. Calculate m(y).
7
Let n(r) be the third derivative of 4*r**2 + 1/60*r**5 + 0*r - 6 + 1/24*r**4 + 2/3*r**3. Give n(3).
16
Let b(r) be the second derivative of -r**4/6 + r**3/3 + 3*r**2/2 + r - 633. Let d = 11 + -8. Calculate b(d).
-9
Let a be (-2 - -3)/(2 + (4 - (-39)/(-6))). Let b(j) = 16*j - 6. Give b(a).
-38
Let o(q) = -2*q + q + 0*q + 3. Let s(d) = -d**3 - 17*d**2 + 23*d + 92. Let x be s(-18). Suppose -57*g + 58*g - 13 = -2*h, 2*g = -x*h + 16. Determine o(g).
0
Let j(v) = -3*v + 3. Suppose -5*r + 95 = -5*d, 0*d = -r - 2*d + 4. Suppose -r*l - 65 = -23. Give j(l).
12
Let a(m) = m**3 - 5*m**2 + 2. Let k(h) = 3*h**2 - 6*h + 6. Let d be k(1). Let t(o) = o**2 - 3*o + 5. Let s be t(d). What is a(s)?
2
Let r(j) = 14*j + 5. Suppose -11*u - 19*u = 59*u - 623. Give r(u).
103
Let y(l) be the first derivative of -3*l**3 + 3*l - 63. Let a(x) = -x**2 + 2. Let z(s) = 2*a(s) - y(s). Calculate z(1).
8
Let u(w) = -3*w + 51. Let d be (6 - (25 + -11))/((-4)/(-2)). Calculate u(d).
63
Let k(o) = 2*o**2 + 18*o - 219. Let b be k(7). Let f(h) = 2*h**2 + 8*h - 16. Determine f(b).
74
Let v(n) = -2*n**3 + 7*n**2 - 16*n - 5. Let u(t) = t**3 - 2*t**2 + 15*t + 7. Let j(x) = -3*u(x) - 2*v(x). What is j(10)?
59
Let n = 21365 + -21363. Let j(o) = -29*o + 65. Give j(n).
7
Let h(q) = q**3 + 5*q**2 - 5*q - 6. Suppose -4*n + 24 = 4*s, -8*s + 4*n - 8 = -4*s. Suppose 0 = c - 4*i + 18, 3*c + 2*i = s*c. Calculate h(c).
-12
Let z(y) be the third derivative of y**4/4 + 53*y**3/6 + 4*y**2 - 341*y. What is z(0)?
53
Let y(t) = 112 - 227*t + 675*t - 224*t - 229*t - 41. Calculate y(17).
-14
Let g(i) = -5*i**2 - 14*i + 18. Let v(j) = 7*j**2 + 15*j - 18. Let t(x) = 4*g(x) + 3*v(x). Give t(10).
8
Let q be (-48)/(-4)*1 - 7. Let r(j) = 6*j**2 - 12*j**3 + 6 + 8*j**3 + 8*j + 7*j**2 + q*j**3 - 4*j**2. Calculate r(-8).
6
Let h(t) = t**3 + 11*t**2 + 2*t + 27. Let n(q) = q**2 + 31*q - 77. Let v = -505 + 472. Let i be n(v). Give h(i).
5
Suppose 44*c + 31 = -1 - 232. Let h(j) = -3*j - 38. What is h(c)?
-20
Let l(r) = r**2 + 69*r + 1187. Let y be l(-35). Let n(x) = -5*x**2 - 3*x - 4. Give n(y).
-40
Let l(s) = 12 + 27739*s - 55480*s - 37 + 27743*s. Determine l(17).
9
Let f(n) = -n**2 - 9*n + 22. Let j be f(-11). Let y(s) = -5*s**2 + 2*s - 354 + 357 + 4*s**2 + j*s. Determine y(-2).
-5
Let y(v) = 36 + 954*v - v**2 - 1918*v + 964*v. Determine y(-7).
-13
Suppose 0 = -669*w + 781*w + 560. Let l(h) = 3*h**3 - 6*h**2 - h - 9. Let t(v) = 7*v**3 - 12*v**2 - v - 19. Let b(o) = 9*l(o) - 4*t(o). Determine b(w).
-5
Let c(m) be the third derivative of 13*m**5/60 + m**3/6 + 6*m**2. Let n(i) = -11*i**2 - 28*i - 11. Let x be n(-2). What is c(x)?
14
Let g(l) = l**3 + 5*l**2 - 6*l - 1. Let k(u) = -19*u - 1. Let x be k(-6). Let v = 111 - x. Let r be -3 - 6*v/(-6). Give g(r).
29
Let z(i) be the third derivative of -i**4/12 + i**3/6 + 4*i**2 + 526. Let u(f) = f**3 - 5*f**2 + f - 7. Let o be u(5). Determine z(o).
5
Let l(h) = -h**3 - 7*h**2 - 6*h - 3. Let o be (-1)/((-1)/28*-8 - 3/(-14)). What is l(o)?
-11
Let q(z) = z**3 - 6*z**2 + 4*z + 5. Let x(a) = a + 36. Suppose 9*t - 522 = 297. Let y = t - 123. Let v be x(y). Give q(v).
-11
Let w(c) be the third derivative of c**5/60 - 29*c**4/12 - 379*c**3/6 - 2291*c**2. What is w(-6)?
5
Let b(k) = -6*k - 4. Let r be 650/455*(65/(-10) - 2/4). What is b(r)?
56
Let q be (-39)/91 + 52/7. Let k(z) = z**2 - 10*z + 7. Calculate k(q).
-14
Let u(i) = i. Let a(d) = 2*d. Let m(f) = 3*a(f) - 2*u(f). Let